{"id":1023,"date":"2015-12-14T07:14:55","date_gmt":"2015-12-14T07:14:55","guid":{"rendered":"http:\/\/consulting.stylemixthemes.com\/demo\/?page_id=2"},"modified":"2026-01-26T14:50:02","modified_gmt":"2026-01-26T17:50:02","slug":"inicio","status":"publish","type":"page","link":"https:\/\/hospitalsantaluciagoiania.atomdigital.virtuaserver.com.br\/","title":{"rendered":"Inicio"},"content":{"rendered":"<div class=\"wpb-content-wrapper\"><p>[vc_row css=&#8221;.vc_custom_1450677977665{margin-bottom: 0px !important;}&#8221;][vc_column offset=&#8221;vc_hidden-xs&#8221;][rev_slider_vc alias=&#8221;main_slider&#8221;][vc_separator][\/vc_column][\/vc_row][vc_row full_width=&#8221;stretch_row_content&#8221; css=&#8221;.vc_custom_1689879500649{margin-bottom: 20px !important;}&#8221;][vc_column css=&#8221;.vc_custom_1689879464358{background-color: #ffffff !important;}&#8221;][vc_cta h2=&#8221;Agende sua consulta ou seu exame.&#8221; h2_font_container=&#8221;tag:h2|font_size:20px|text_align:left|color:%23000000|line_height:24px&#8221; h2_use_theme_fonts=&#8221;yes&#8221; txt_align=&#8221;justify&#8221; shape=&#8221;square&#8221; style=&#8221;flat&#8221; add_button=&#8221;right&#8221; btn_title=&#8221;Agendar Consulta agora!&#8221; btn_style=&#8221;flat&#8221; btn_color=&#8221;theme_style_2&#8243; btn_align=&#8221;right&#8221; btn_i_align=&#8221;right&#8221; btn_i_icon_fontawesome=&#8221;stm-nokia_outline&#8221; css_animation=&#8221;left-to-right&#8221; use_custom_fonts_h2=&#8221;true&#8221; btn_button_block=&#8221;true&#8221; btn_add_icon=&#8221;true&#8221; h2_link=&#8221;url:http%3A%2F%2Fwa.me%2F5562992096091|title:Fale%20Conosco|&#8221; btn_link=&#8221;url:http%3A%2F%2Fwa.me%2F5562992096091|title:Fale%20Conosco|&#8221;][\/vc_cta][\/vc_column][\/vc_row][vc_row full_width=&#8221;stretch_row&#8221; css=&#8221;.vc_custom_1451476985704{padding-top: 53px !important;padding-bottom: 70px !important;background-color: #f2f2f2 !important;}&#8221;][vc_column][vc_custom_heading text=&#8221;Cuidamos de Voc\u00ea e da sua Sa\u00fade!&#8221; font_container=&#8221;tag:h2|font_size:45px|text_align:center|line_height:60px&#8221; use_theme_fonts=&#8221;yes&#8221; css=&#8221;.vc_custom_1644943318254{margin-bottom: 28px !important;}&#8221; el_class=&#8221;base_font_color&#8221;][vc_row_inner css=&#8221;.vc_custom_1455871593995{margin-bottom: 30px !important;}&#8221;][vc_column_inner width=&#8221;1\/3&#8243;][stm_icon_box hide_title_line=&#8221;hide_title_line&#8221; enable_hexagon=&#8221;enable&#8221; enable_hexagon_animation=&#8221;enable&#8221; icon=&#8221;fa fa-medkit&#8221; style=&#8221;icon_left&#8221; icon_size=&#8221;15&#8243; icon_width=&#8221;78&#8243; title=&#8221;Angiologia&#8221;]Angiologia \u00e9 a\u00a0<b>especialidade m\u00e9dica que se ocupa do tratamento cl\u00ednico das doen\u00e7as que acometem vasos sangu\u00edneos (art\u00e9rias e veias) e vasos linf\u00e1ticos<\/b>. Atua em conjunto com a Cirurgia Vascular, que se ocupa do tratamento cir\u00fargico das ditas doen\u00e7as.[\/stm_icon_box][\/vc_column_inner][vc_column_inner width=&#8221;1\/3&#8243;][stm_icon_box hide_title_line=&#8221;hide_title_line&#8221; enable_hexagon=&#8221;enable&#8221; enable_hexagon_animation=&#8221;enable&#8221; icon=&#8221;fa fa-user-md&#8221; style=&#8221;icon_left&#8221; icon_size=&#8221;22&#8243; icon_width=&#8221;78&#8243; title=&#8221;Cardiologia&#8221;]<\/p>\n<p class=\"jet-listing-dynamic-field__content\">A cardiologia em si \u00e9 definida como um ramo da medicina respons\u00e1vel por\u00a0<b>estudar, cuidar e tratar o cora\u00e7\u00e3o e os vasos sangu\u00edneos<\/b>. Ou seja, \u00e9 uma das especialidades da medicina que cuida do cora\u00e7\u00e3o e do sistema circulat\u00f3rio.<\/p>\n<p>[\/stm_icon_box][\/vc_column_inner][vc_column_inner width=&#8221;1\/3&#8243;][stm_icon_box hide_title_line=&#8221;hide_title_line&#8221; enable_hexagon=&#8221;enable&#8221; enable_hexagon_animation=&#8221;enable&#8221; icon=&#8221;fa fa-ioxhost&#8221; style=&#8221;icon_left&#8221; icon_size=&#8221;22&#8243; icon_width=&#8221;78&#8243; title=&#8221;Gastroenterologia&#8221;]A Gastrenterologia <b>\u00e9 uma especialidade da Medicina que se focaliza na estrutura, fun\u00e7\u00e3o e doen\u00e7as do aparelho digestivo<\/b>. O aparelho digestivo \u00e9 composto por um longo tubo (que compreende o Es\u00f3fago, est\u00f4mago, Intestino Delgado e intestino grosso ou c\u00f3lon) e pelos \u00f3rg\u00e3os anexos f\u00edgado, ves\u00edcula biliar e p\u00e2ncreas.[\/stm_icon_box][\/vc_column_inner][\/vc_row_inner][vc_row_inner][vc_column_inner width=&#8221;1\/3&#8243;][stm_icon_box hide_title_line=&#8221;hide_title_line&#8221; enable_hexagon=&#8221;enable&#8221; enable_hexagon_animation=&#8221;enable&#8221; icon=&#8221;fa fa-heart&#8221; style=&#8221;icon_left&#8221; icon_size=&#8221;24&#8243; icon_width=&#8221;78&#8243; title=&#8221;Ginecologia e Obstetr\u00edcia&#8221;]Quando se procura definir a especialidade de\u00a0<b>Ginecologia e Obstetr\u00edcia<\/b>\u00a0(G&amp;O), vem \u00e0 mente, de imediato, que \u00e9 um ramo da Medicina que lida com a gravidez, o parto, o per\u00edodo do p\u00f3s-parto (<b>obstetr\u00edcia<\/b>) e, ao mesmo tempo, com a sa\u00fade dos sistemas reprodutivos femininos (vagina, \u00fatero e ov\u00e1rios) e das mamas (<b>ginecologia<\/b>).[\/stm_icon_box][\/vc_column_inner][vc_column_inner width=&#8221;1\/3&#8243;][stm_icon_box hide_title_line=&#8221;hide_title_line&#8221; enable_hexagon=&#8221;enable&#8221; enable_hexagon_animation=&#8221;enable&#8221; icon=&#8221;fa fa-wheelchair&#8221; style=&#8221;icon_left&#8221; icon_size=&#8221;28&#8243; icon_width=&#8221;78&#8243; title=&#8221;Ortopedia&#8221;]A ortopedia consiste na especialidade m\u00e9dica respons\u00e1vel por\u00a0<b>diagnosticar, tratar e acompanhar les\u00f5es que afetam o sistema locomotor<\/b>, ou seja, todas as doen\u00e7as e traumas que acometem os m\u00fasculos, articula\u00e7\u00f5es, ossos e ligamentos.[\/stm_icon_box][\/vc_column_inner][vc_column_inner width=&#8221;1\/3&#8243;][stm_icon_box hide_title_line=&#8221;hide_title_line&#8221; enable_hexagon=&#8221;enable&#8221; enable_hexagon_animation=&#8221;enable&#8221; icon=&#8221;fa fa-heart-o&#8221; style=&#8221;icon_left&#8221; icon_size=&#8221;20&#8243; icon_width=&#8221;78&#8243; title=&#8221;Otorrinolaringologia&#8221;]A otorrinolaringologia\u00a0<b>\u00e9 a especialidade que diagnostica e trata de todas as doen\u00e7as relacionadas ao nariz e a respira\u00e7\u00e3o<\/b>, o que por consequ\u00eancia inclui a garganta e tamb\u00e9m os ouvidos. Os tratamentos indicados pelo otorrino podem ser tanto com o uso de medicamentos via oral, de aplica\u00e7\u00e3o t\u00f3pica, quanto cir\u00fargicos.[\/stm_icon_box][\/vc_column_inner][\/vc_row_inner][\/vc_column][\/vc_row][vc_row full_width=&#8221;stretch_row&#8221; el_class=&#8221;overlay fixed_bg&#8221; css=&#8221;.vc_custom_1644946366240{margin-bottom: 53px !important;padding-top: 110px !important;padding-bottom: 81px !important;background-image: url(https:\/\/hospitalsantaluciagoiania.com.br\/wp-content\/uploads\/2022\/02\/doctor-with-a-stethoscope-in-the-hands-and-hospital-background-scaled.jpg?id=1322) !important;background-position: center !important;background-repeat: no-repeat !important;background-size: cover !important;}&#8221;][vc_column][vc_row_inner][vc_column_inner][vc_custom_heading icon=&#8221;stm-check&#8221; icon_size=&#8221;67&#8243; text=&#8221;Cuidamos da sua sa\u00fade com a aten\u00e7\u00e3o que voc\u00ea realmente precisa.&#8221; font_container=&#8221;tag:h4|font_size:45px|text_align:left|color:%231e73be|line_height:45px&#8221; use_theme_fonts=&#8221;yes&#8221; custom_icon=&#8221;stm-check&#8221; el_class=&#8221;no_stripe&#8221;][\/vc_column_inner][\/vc_row_inner][\/vc_column][\/vc_row][vc_row][vc_column][vc_custom_heading text=&#8221;Nossa Equipe&#8221; font_container=&#8221;tag:h1|text_align:center&#8221; google_fonts=&#8221;font_family:Merriweather%20Sans%3A300%2C300italic%2Cregular%2Citalic%2C700%2C700italic%2C800%2C800italic|font_style:400%20regular%3A400%3Anormal&#8221;][\/vc_column][\/vc_row][vc_row][vc_column el_class=&#8221;orderby title&#8221;][stm_staff_list style=&#8221;grid&#8221; per_row=&#8221;2&#8243; count=&#8221;6&#8243;][\/vc_column][\/vc_row][vc_row full_width=&#8221;stretch_row&#8221; el_class=&#8221;overlay_2 fixed_bg&#8221; css=&#8221;.vc_custom_1453381142995{margin-bottom: 42px !important;padding-top: 66px !important;padding-bottom: 66px !important;background-image: url(https:\/\/hospitalsantaluciagoiania.com.br\/wp-content\/uploads\/2015\/12\/placeholder.gif?id=122) !important;background-position: center !important;background-repeat: no-repeat !important;background-size: cover !important;}&#8221;][vc_column][vc_custom_heading text=&#8221;Hospital Santa L\u00facia <mark>\u00e9 refer\u00eancia em cirurgias em Goi\u00e2nia e regi\u00e3o, agende agora mesmo<\/mark> sua avalia\u00e7\u00e3o&#8221; font_container=&#8221;tag:div|font_size:24px|text_align:center|color:%23ffffff|line_height:34px&#8221; google_fonts=&#8221;font_family:Poppins%3A300%2Cregular%2C500%2C600%2C700|font_style:600%20semi-bold%3A600%3Anormal&#8221;][\/vc_column][\/vc_row][vc_row full_width=&#8221;stretch_row_content_no_spaces&#8221; css=&#8221;.vc_custom_1453109987955{margin-bottom: -60px !important;padding-top: 0px !important;padding-bottom: 0px !important;}&#8221;][vc_column][stm_gmap map_height=&#8221;447px&#8221; map_zoom=&#8221;14&#8243; disable_mouse_whell=&#8221;disable&#8221;][stm_gmap_address title=&#8221;Goi\u00e2nia &#8211; GO&#8221; address=&#8221;Pra\u00e7a Coronel Joaquim L\u00facio, 28\/40 &#8211; Setor Campinas&#8221; phone=&#8221;+55 62 3233 1745&#8243; email=&#8221;contato@hospitalsantaluciagoiania.com.br&#8221; lat=&#8221;-16.668267146173637&#8243; lng=&#8221;-49.29408252239227&#8243;][\/stm_gmap][\/vc_column][\/vc_row][vc_row][vc_column][vc_empty_space height=&#8221;22px&#8221;][\/vc_column][\/vc_row]<\/p>\n<\/div>","protected":false},"excerpt":{"rendered":"<p>[vc_row css=&#8221;.vc_custom_1450677977665{margin-bottom: 0px !important;}&#8221;][vc_column offset=&#8221;vc_hidden-xs&#8221;][rev_slider_vc alias=&#8221;main_slider&#8221;][vc_separator][\/vc_column][\/vc_row][vc_row full_width=&#8221;stretch_row_content&#8221; css=&#8221;.vc_custom_1689879500649{margin-bottom: 20px !important;}&#8221;][vc_column css=&#8221;.vc_custom_1689879464358{background-color: #ffffff !important;}&#8221;][vc_cta h2=&#8221;Agende sua consulta ou seu exame.&#8221; h2_font_container=&#8221;tag:h2|font_size:20px|text_align:left|color:%23000000|line_height:24px&#8221; h2_use_theme_fonts=&#8221;yes&#8221; txt_align=&#8221;justify&#8221; shape=&#8221;square&#8221; style=&#8221;flat&#8221; add_button=&#8221;right&#8221; btn_title=&#8221;Agendar Consulta agora!&#8221; btn_style=&#8221;flat&#8221; btn_color=&#8221;theme_style_2&#8243; btn_align=&#8221;right&#8221; btn_i_align=&#8221;right&#8221; btn_i_icon_fontawesome=&#8221;stm-nokia_outline&#8221; css_animation=&#8221;left-to-right&#8221; use_custom_fonts_h2=&#8221;true&#8221; btn_button_block=&#8221;true&#8221; btn_add_icon=&#8221;true&#8221; h2_link=&#8221;url:http%3A%2F%2Fwa.me%2F5562992096091|title:Fale%20Conosco|&#8221; btn_link=&#8221;url:http%3A%2F%2Fwa.me%2F5562992096091|title:Fale%20Conosco|&#8221;][\/vc_cta][\/vc_column][\/vc_row][vc_row full_width=&#8221;stretch_row&#8221; css=&#8221;.vc_custom_1451476985704{padding-top: 53px !important;padding-bottom: 70px !important;background-color: #f2f2f2 !important;}&#8221;][vc_column][vc_custom_heading text=&#8221;Cuidamos de Voc\u00ea e da sua Sa\u00fade!&#8221; font_container=&#8221;tag:h2|font_size:45px|text_align:center|line_height:60px&#8221;<\/p>\n","protected":false},"author":1,"featured_media":0,"parent":0,"menu_order":0,"comment_status":"closed","ping_status":"closed","template":"","meta":{"footnotes":""},"class_list":["post-1023","page","type-page","status-publish","hentry"],"_links":{"self":[{"href":"https:\/\/hospitalsantaluciagoiania.atomdigital.virtuaserver.com.br\/index.php?rest_route=\/wp\/v2\/pages\/1023","targetHints":{"allow":["GET"]}}],"collection":[{"href":"https:\/\/hospitalsantaluciagoiania.atomdigital.virtuaserver.com.br\/index.php?rest_route=\/wp\/v2\/pages"}],"about":[{"href":"https:\/\/hospitalsantaluciagoiania.atomdigital.virtuaserver.com.br\/index.php?rest_route=\/wp\/v2\/types\/page"}],"author":[{"embeddable":true,"href":"https:\/\/hospitalsantaluciagoiania.atomdigital.virtuaserver.com.br\/index.php?rest_route=\/wp\/v2\/users\/1"}],"replies":[{"embeddable":true,"href":"https:\/\/hospitalsantaluciagoiania.atomdigital.virtuaserver.com.br\/index.php?rest_route=%2Fwp%2Fv2%2Fcomments&post=1023"}],"version-history":[{"count":89,"href":"https:\/\/hospitalsantaluciagoiania.atomdigital.virtuaserver.com.br\/index.php?rest_route=\/wp\/v2\/pages\/1023\/revisions"}],"predecessor-version":[{"id":1563,"href":"https:\/\/hospitalsantaluciagoiania.atomdigital.virtuaserver.com.br\/index.php?rest_route=\/wp\/v2\/pages\/1023\/revisions\/1563"}],"wp:attachment":[{"href":"https:\/\/hospitalsantaluciagoiania.atomdigital.virtuaserver.com.br\/index.php?rest_route=%2Fwp%2Fv2%2Fmedia&parent=1023"}],"curies":[{"name":"wp","href":"https:\/\/api.w.org\/{rel}","templated":true}]}}